{"id":401,"date":"2023-02-25T09:01:20","date_gmt":"2023-02-25T06:01:20","guid":{"rendered":"http:\/\/baransan.com.tr\/?page_id=401"},"modified":"2023-02-25T09:01:20","modified_gmt":"2023-02-25T06:01:20","slug":"neden-baransan","status":"publish","type":"page","link":"https:\/\/baransan.com.tr\/?page_id=401","title":{"rendered":"Neden Baransan?"},"content":{"rendered":"\n<p>Yetkinli\u011fi, motivasyonu ve performans\u0131 y\u00fcksek \u00e7al\u0131\u015fanlar ile fark yaratmak.<\/p>\n\n\n\n<p>Baransan Al\u00fcminyum\u2019da benimsenen \u0130nsan Kaynaklar\u0131 politikalar\u0131 iki \u00f6nemli amaca hizmet etmektedir.<\/p>\n\n\n\n<ul>\n<li>Bireyleri sorumluluk \u00fcstlenmek, inisiyatif kullanmak ve bu \u015fekilde i\u015flerine ve i\u015flerinin sonu\u00e7lar\u0131na sahip \u00e7\u0131kmak i\u00e7in motive etmek,<\/li>\n\n\n\n<li>Bir yandan bireyi geli\u015ftirirken, \u00f6te yandan ekip \u00e7al\u0131\u015fmas\u0131na te\u015fvik ederek \u00e7al\u0131\u015fanlar\u0131m\u0131z\u0131n i\u015f hedeflerinde daha ba\u015far\u0131l\u0131 olmas\u0131n\u0131 sa\u011flamak.<\/li>\n\n\n\n<li>B\u00f6ylece hedeflere ve insan kayna\u011f\u0131na daha iyi odaklan\u0131p, ki\u015filerin katma de\u011ferlerinin i\u015fin ba\u015far\u0131s\u0131ndaki rol\u00fcn\u00fc \u00f6n plana \u00e7\u0131karabilece\u011fimize inan\u0131yoruz.<\/li>\n<\/ul>\n","protected":false},"excerpt":{"rendered":"<p>Yetkinli\u011fi, motivasyonu ve performans\u0131 y\u00fcksek \u00e7al\u0131\u015fanlar ile fark yaratmak. Baransan Al\u00fcminyum\u2019da benimsenen \u0130nsan Kaynaklar\u0131 politikalar\u0131 iki \u00f6nemli amaca hizmet etmektedir.<\/p>\n","protected":false},"author":1,"featured_media":0,"parent":0,"menu_order":0,"comment_status":"closed","ping_status":"closed","template":"","meta":[],"_links":{"self":[{"href":"https:\/\/baransan.com.tr\/index.php?rest_route=\/wp\/v2\/pages\/401"}],"collection":[{"href":"https:\/\/baransan.com.tr\/index.php?rest_route=\/wp\/v2\/pages"}],"about":[{"href":"https:\/\/baransan.com.tr\/index.php?rest_route=\/wp\/v2\/types\/page"}],"author":[{"embeddable":true,"href":"https:\/\/baransan.com.tr\/index.php?rest_route=\/wp\/v2\/users\/1"}],"replies":[{"embeddable":true,"href":"https:\/\/baransan.com.tr\/index.php?rest_route=%2Fwp%2Fv2%2Fcomments&post=401"}],"version-history":[{"count":1,"href":"https:\/\/baransan.com.tr\/index.php?rest_route=\/wp\/v2\/pages\/401\/revisions"}],"predecessor-version":[{"id":402,"href":"https:\/\/baransan.com.tr\/index.php?rest_route=\/wp\/v2\/pages\/401\/revisions\/402"}],"wp:attachment":[{"href":"https:\/\/baransan.com.tr\/index.php?rest_route=%2Fwp%2Fv2%2Fmedia&parent=401"}],"curies":[{"name":"wp","href":"https:\/\/api.w.org\/{rel}","templated":true}]}}